6100?
True
Does 215 divide 134625?
False
Is 9124715 a multiple of 17?
False
Does 6 divide 6875041?
False
Does 195 divide 314305?
False
Does 60 divide 31712?
False
Does 8 divide 53017?
False
Is 16 a factor of 65176?
False
Does 6 divide 33504?
True
Is 623589 a multiple of 96?
False
Is 45 a factor of 68725?
False
Is 216350 a multiple of 25?
True
Is 12 a factor of 85296?
True
Is 77935 a multiple of 6?
False
Is 369 a factor of 2862394?
False
Is 510556 a multiple of 436?
True
Is 9 a factor of 10606239?
True
Is 4059 a multiple of 41?
True
Is 54 a factor of 1152128?
False
Does 31 divide 10458?
False
Does 27 divide 15150?
False
Does 654 divide 615086?
False
Is 306 a factor of 2653938?
True
Does 814 divide 6366709?
False
Is 1124482 a multiple of 34?
True
Is 64411 a multiple of 4?
False
Is 691001 a multiple of 14?
False
Is 237 a factor of 7395585?
True
Is 107 a factor of 419867?
False
Is 2067 a factor of 12943554?
True
Is 79620 a multiple of 29?
False
Does 88 divide 215604?
False
Is 210440 a multiple of 211?
False
Is 87 a factor of 128847?
True
Does 13 divide 10747201?
False
Is 10 a factor of 2818649?
False
Does 10 divide 3056264?
False
Is 241 a factor of 1535893?
True
Is 327265 a multiple of 145?
True
Does 20 divide 145786?
False
Does 26 divide 3033602?
True
Is 11358 a multiple of 8?
False
Is 131401 a multiple of 22?
False
Is 19583909 a multiple of 31?
True
Is 26 a factor of 4365452?
True
Does 20 divide 9380?
True
Is 210 a factor of 3297754?
False
Is 92928 a multiple of 12?
True
Does 319 divide 1840949?
True
Is 468 a factor of 7714980?
True
Does 4 divide 155769?
False
Is 306459 a multiple of 6?
False
Is 86 a factor of 11060030?
True
Is 21 a factor of 552979?
False
Does 15 divide 7996052?
False
Is 21 a factor of 104076?
True
Does 25 divide 132015?
False
Is 1741666 a multiple of 121?
False
Does 136 divide 286768?
False
Does 365 divide 2336695?
False
Does 71 divide 158685?
True
Is 140636 a multiple of 4?
True
Is 232992 a multiple of 24?
True
Does 564 divide 421872?
True
Does 31 divide 1543986?
True
Is 10 a factor of 493156?
False
Is 6 a factor of 68264?
False
Is 1978295 a multiple of 55?
True
Is 202 a factor of 1933948?
True
Is 2264649 a multiple of 9?
False
Is 83945 a multiple of 94?
False
Is 53 a factor of 1855159?
True
Is 10 a factor of 514010?
True
Does 99 divide 76329?
True
Is 21 a factor of 332807?
False
Does 1403 divide 5732658?
True
Does 21 divide 11350899?
True
Does 105 divide 1357389?
False
Is 418159 a multiple of 329?
True
Does 16 divide 2048570?
False
Is 1174 a factor of 1885444?
True
Does 162 divide 2093085?
False
Does 139 divide 108740?
False
Is 698866 a multiple of 7?
True
Is 1087625 a multiple of 93?
False
Is 358 a factor of 3490858?
True
Does 86 divide 2092033?
False
Does 218 divide 166116?
True
Is 541884 a multiple of 28?
True
Does 162 divide 148767?
False
Does 21 divide 84840?
True
Is 73 a factor of 2414422?
False
Does 9 divide 13618701?
True
Does 292 divide 1302904?
True
Does 97 divide 42680?
True
Is 916097 a multiple of 41?
False
Is 3 a factor of 938796?
True
Is 6 a factor of 7545?
False
Is 180040 a multiple of 8?
True
Is 662 a factor of 5566096?
True
Is 2795630 a multiple of 61?
True
Does 986 divide 881813?
False
Is 229 a factor of 229229?
True
Is 626603 a multiple of 186?
False
Is 2516656 a multiple of 108?
False
Does 56 divide 60053?
False
Is 294379 a multiple of 112?
False
Does 289 divide 174556?
True
Is 102765 a multiple of 39?
True
Is 406663 a multiple of 23?
True
Does 18 divide 5760?
True
Does 3 divide 21594?
True
Is 432 a factor of 155258?
False
Is 288626 a multiple of 280?
False
Is 101 a factor of 378361?
False
Is 6284792 a multiple of 8?
True
Is 102 a factor of 444838?
False
Does 34 divide 95675?
False
Is 580590 a multiple of 30?
True
Does 254 divide 137207?
False
Does 94 divide 17955?
False
Is 20 a factor of 690820?
True
Is 69337 a multiple of 9?
False
Does 152 divide 910290?
False
Is 223 a factor of 1115?
True
Is 630365 a multiple of 481?
False
Is 220296 a multiple of 536?
True
Does 9 divide 364986?
True
Is 8 a factor of 28392?
True
Is 48 a factor of 7521936?
True
Does 15 divide 310789?
False
Is 19616 a multiple of 3?
False
Is 769453 a multiple of 145?
False
Is 1196092 a multiple of 1364?
False
Is 1278107 a multiple of 72?
False
Is 466 a factor of 450156?
True
Is 1335964 a multiple of 34?
False
Is 105 a factor of 436393?
False
Does 50 divide 3216550?
True
Is 33 a factor of 470679?
True
Does 7 divide 61001?
False
Is 524 a factor of 1266508?
True
Is 18630 a multiple of 162?
True
Is 3329273 a multiple of 23?
True
Is 10 a factor of 30410?
True
Is 9097038 a multiple of 94?
True
Is 277 a factor of 2527625?
True
Is 46 a factor of 349678?
False
Is 775 a factor of 3508914?
False
Is 44 a factor of 48840?
True
Is 3679 a multiple of 13?
True
Does 97 divide 169944?
True
Is 121509 a multiple of 29?
False
Is 7919136 a multiple of 744?
True
Is 505 a factor of 683995?
False
Is 132 a factor of 4075633?
False
Is 64664 a multiple of 118?
True
Is 12709445 a multiple of 22?
False
Is 46 a factor of 4232?
True
Is 706310 a multiple of 55?
True
Is 9 a factor of 10819863?
True
Is 2166276 a multiple of 1148?
True
Is 4168283 a multiple of 12?
False
Is 2209500 a multiple of 60?
True
Is 4024827 a multiple of 171?
True
Is 42458 a multiple of 26?
True
Is 20770242 a multiple of 13?
False
Is 17 a factor of 181235?
False
Is 18770 a multiple of 4?
False
Is 3285520 a multiple of 35?
True
Is 217161 a multiple of 21?
True
Is 20 a factor of 30300?
True
Does 101 divide 4296672?
False
Is 15082714 a multiple of 80?
False
Is 17664 a multiple of 8?
True
Does 8 divide 1047833?
False
Is 25 a factor of 1279925?
True
Is 454 a factor of 895288?
True
Does 448 divide 6646993?
False
Is 1220978 a multiple of 253?
True
Is 566838 a multiple of 254?
False
Is 119371 a multiple of 327?
False
Does 1048 divide 7398257?
False
Is 68 a factor of 85628?
False
Is 176 a factor of 25168?
True
Does 43 divide 31820?
True
Is 621 a factor of 678753?
True
Is 34 a factor of 3367499?
False
Does 210 divide 562800?
True
Is 12 a factor of 123175?
False
Does 71 divide 3111587?
False
Is 54 a factor of 681991?
False
Is 9 a factor of 319680?
True
Does 12 divide 2264871?
False
Is 309990 a multiple of 10?
True
Is 11173985 a multiple of 52?
False
Is 11003458 a multiple of 9?
False
Does 28 divide 1421616?
True
Does 59 divide 116820?
True
Is 355069 a multiple of 111?
False
Is 14 a factor of 2237214?
True
Is 3 a factor of 44808?
True
Is 4449296 a multiple of 344?
True
Is 14 a factor of 399350?
True
Is 1706460 a multiple of 21?
True
Is 527964 a multiple of 12?
True
Is 1637645 a multiple of 309?
False
Is 5298449 a multiple of 370?
False
Is 12524 a multiple of 124?
True
Is 52 a factor of 285740?
True
Is 1256832 a multiple of 96?
True
Does 903 divide 5241012?
True
Is 2305262 a multiple of 29?
False
Is 96460 a multiple of 53?
True
Is 7 a factor of 4493483?
False
Is 284435 a multiple of 22?
False
Does 60 divide 1857891?
False
Is 118 a factor of 262314?
True
Is 22796 a multiple of 139?
True
Is 122463 a multiple of 3?
True
Is 1213901 a multiple of 74?
False
Does 192 divide 7152537?
False
Is 54 a factor of 6973992?
True
Does 94 divide 235564?
True
Is 339821 a multiple of 568?
False
Is 5 a factor of 754760?
True
Is 93 a factor of 522997?
False
Does 44 divide 792509?
False
Is 3139365 a multiple of 915?
True
Does 104 divide 609430?
False
Is 37435 a multiple of 9?
False
Is 1331 a factor of 3164476?
False
Is 28886 a multiple of 146?
False
Is 279715 a multiple of 43?
True
Is 14 a factor of 1603546?
True
Is 151243 a multiple of 118?
False
Is 1346935 a multiple of 51?
False
Is 19354 a multiple of 23?
False
Is 239 a factor of 8202958?
True
Is 504413 a multiple of 91?
True
Is 38 a factor of 167175?
False
Does 375 divide 278250?
True
Is 84 a factor of 103562?
False
Is 12 a factor of 7851?
False
Is 79 a factor of 363659?
False
Does 13 divide 1751971?
True
Is 12894081 a multiple of 268?
False
Is 115 a factor of 133630?
True
Is 149205 a multiple of 49?
True
Is 7 a factor of 529050?
False
Does 10 divide 112890?
True
Does 165 divide 588885?
True
Is 341325 a multiple of 123?
True
Does 10 divide 11928800?
True
Does 78 divide 153504?
True
Is 177453 a multiple of 8?
False
Is 3 a factor of 24174?
True
Is 5 a factor of 13010?
True
Does 